{"id":5,"date":"2021-07-16T15:42:43","date_gmt":"2021-07-16T18:42:43","guid":{"rendered":"https:\/\/clickevenda.com.br\/?page_id=5"},"modified":"2021-07-23T09:01:12","modified_gmt":"2021-07-23T12:01:12","slug":"crie-seu-site-com-blocos","status":"publish","type":"page","link":"https:\/\/clickevenda.com.br\/","title":{"rendered":"Click &#038; Venda <\/br>Sua venda num click!"},"content":{"rendered":"\n<div class=\"wp-block-group\"><div class=\"wp-block-group__inner-container\">\n<div class=\"wp-block-columns\">\n<div class=\"wp-block-column\">\n<div class=\"wp-block-image\"><figure class=\"aligncenter size-large\"><img loading=\"lazy\" width=\"100\" height=\"100\" src=\"https:\/\/clickevenda.com.br\/wp-content\/uploads\/2021\/07\/icons8-ordem-de-compra-100-2.png\" alt=\"\" class=\"wp-image-80\"\/><\/figure><\/div>\n\n\n\n<p class=\"has-text-align-center\"><strong>Vendas<\/strong><\/p>\n<\/div>\n\n\n\n<div class=\"wp-block-column\">\n<div class=\"wp-block-image\"><figure class=\"aligncenter size-large\"><img loading=\"lazy\" width=\"100\" height=\"100\" src=\"https:\/\/clickevenda.com.br\/wp-content\/uploads\/2021\/07\/icons8-fluxo-de-inventario-100.png\" alt=\"\" class=\"wp-image-76\"\/><\/figure><\/div>\n\n\n\n<p class=\"has-text-align-center\"><strong>Produtos<\/strong><\/p>\n<\/div>\n\n\n\n<div class=\"wp-block-column\">\n<div class=\"wp-block-image\"><figure class=\"aligncenter size-large is-resized\"><img loading=\"lazy\" src=\"https:\/\/clickevenda.com.br\/wp-content\/uploads\/2021\/07\/icons8-varios-dispositivos-100-1.png\" alt=\"\" class=\"wp-image-77\" width=\"106\" height=\"106\"\/><\/figure><\/div>\n\n\n\n<p class=\"has-text-align-center\"><strong>Multi-Plataforma<\/strong><\/p>\n<\/div>\n\n\n\n<div class=\"wp-block-column\">\n<div class=\"wp-block-image\"><figure class=\"aligncenter size-large is-resized\"><img loading=\"lazy\" src=\"https:\/\/clickevenda.com.br\/wp-content\/uploads\/2021\/07\/icons8-codigo-qr-100.png\" alt=\"\" class=\"wp-image-75\" width=\"107\" height=\"107\"\/><\/figure><\/div>\n\n\n\n<p class=\"has-text-align-center\"><strong>Nota Fiscal<\/strong><\/p>\n\n\n\n<p class=\"has-text-align-center\">NF-e \/ SAT CF-e<\/p>\n<\/div>\n\n\n\n<div class=\"wp-block-column\">\n<div class=\"wp-block-image\"><figure class=\"aligncenter size-large is-resized\"><img loading=\"lazy\" src=\"https:\/\/clickevenda.com.br\/wp-content\/uploads\/2021\/07\/icons8-homem-popular-100.png\" alt=\"\" class=\"wp-image-78\" width=\"109\" height=\"109\"\/><\/figure><\/div>\n\n\n\n<p class=\"has-text-align-center\"><strong>Clientes<\/strong><\/p>\n<\/div>\n<\/div>\n<\/div><\/div>\n\n\n\n<p class=\"has-text-align-center has-large-font-size\"><strong>Simplificando o dia a dia dos comerciantes!<\/strong><\/p>\n\n\n\n<p class=\"has-text-align-center has-medium-font-size\">Uma plataforma de gest\u00e3o comercial que ir\u00e1 facilitar o dia a dia do seu comercio.<\/p>\n\n\n\n<p class=\"has-text-align-center has-medium-font-size\">Com ela voc\u00ea pode controlar seus produtos, clientes, fornecedores, estoque, efetuar vendas <em>(no estabelecimento, atendimento externo ou home office)<\/em>, controlar o caixa, emitir nota fiscal, fazer or\u00e7amentos, imprimir ou compartilhar recibos, or\u00e7amentos, vendas e muito mais!<\/p>\n\n\n\n<div class=\"wp-block-columns\">\n<div class=\"wp-block-column\">\n<div class=\"wp-block-image\"><figure class=\"aligncenter size-large is-resized\"><img loading=\"lazy\" src=\"https:\/\/clickevenda.com.br\/wp-content\/uploads\/2021\/07\/windows-10.png\" alt=\"\" class=\"wp-image-91\" width=\"227\" height=\"227\" srcset=\"https:\/\/clickevenda.com.br\/wp-content\/uploads\/2021\/07\/windows-10.png 452w, https:\/\/clickevenda.com.br\/wp-content\/uploads\/2021\/07\/windows-10-300x300.png 300w, https:\/\/clickevenda.com.br\/wp-content\/uploads\/2021\/07\/windows-10-150x150.png 150w\" sizes=\"(max-width: 227px) 100vw, 227px\" \/><\/figure><\/div>\n\n\n\n<p class=\"has-text-align-center has-medium-font-size\"><strong>Windows 10<\/strong><\/p>\n\n\n\n<p class=\"has-text-align-center has-medium-font-size\">Algumas funcionalidades da plataforma fica ainda mais f\u00e1ceis com o uso de um computador, como os <strong>Cadastros<\/strong>, <strong>Emiss\u00e3o de Cupom Fiscal<\/strong> ou <strong>Nota Fiscal<\/strong>, <strong>Controle de Entregas <\/strong>e muito mais.<\/p>\n<\/div>\n\n\n\n<div class=\"wp-block-column\">\n<div class=\"wp-block-image\"><figure class=\"aligncenter size-large is-resized\"><img loading=\"lazy\" src=\"https:\/\/clickevenda.com.br\/wp-content\/uploads\/2021\/07\/smartphone-tablet.png\" alt=\"\" class=\"wp-image-92\" width=\"226\" height=\"226\" srcset=\"https:\/\/clickevenda.com.br\/wp-content\/uploads\/2021\/07\/smartphone-tablet.png 452w, https:\/\/clickevenda.com.br\/wp-content\/uploads\/2021\/07\/smartphone-tablet-300x300.png 300w, https:\/\/clickevenda.com.br\/wp-content\/uploads\/2021\/07\/smartphone-tablet-150x150.png 150w\" sizes=\"(max-width: 226px) 100vw, 226px\" \/><\/figure><\/div>\n\n\n\n<p class=\"has-text-align-center has-medium-font-size\"><strong>Android ou iPhone<\/strong><\/p>\n\n\n\n<p class=\"has-text-align-center has-medium-font-size\">Aplicativo para uso dos funcion\u00e1rios do estabelecimento, com ele fica mais f\u00e1cil de realizar alguns procedimentos como: <strong>Consulta de Produtos<\/strong>, <strong>Efetuar Vendas e Or\u00e7amentos<\/strong>, e muito mais.<\/p>\n<\/div>\n<\/div>\n\n\n\n<p class=\"has-text-align-center has-medium-font-size\">A Plataforma traz varias funcionalidades necess\u00e1rias para a gest\u00e3o comercial de diversos tipos de com\u00e9rcios, podendo ser utilizados em Lojas de Materiais para Constru\u00e7\u00e3o, Lojas de Cal\u00e7ados, Lojas de Brinquedos e muito mais.<\/p>\n\n\n\n<p class=\"has-text-align-center has-medium-font-size\"><strong><em>Atendimento Incr\u00edvel<\/em><\/strong><\/p>\n\n\n\n<div class=\"wp-block-columns\">\n<div class=\"wp-block-column\">\n<p class=\"has-text-align-center has-medium-font-size\"><strong>Solicite uma visita!<\/strong><\/p>\n\n\n\n<div class=\"wp-block-media-text alignwide is-stacked-on-mobile\" style=\"grid-template-columns:15% auto\"><figure class=\"wp-block-media-text__media\"><a href=\"mailto:comercial@clickevenda.com.br\"><img loading=\"lazy\" width=\"100\" height=\"100\" src=\"https:\/\/clickevenda.com.br\/wp-content\/uploads\/2021\/07\/icons8-email-aberto-100.png\" alt=\"\" class=\"wp-image-228 size-full\"\/><\/a><\/figure><div class=\"wp-block-media-text__content\">\n<p class=\"has-medium-font-size\"><strong>comercial@clickevenda.com.br<\/strong><\/p>\n<\/div><\/div>\n\n\n\n<div class=\"wp-block-media-text alignwide is-stacked-on-mobile\" style=\"grid-template-columns:15% auto\"><figure class=\"wp-block-media-text__media\"><a href=\"https:\/\/api.whatsapp.com\/send?phone=5511964887143&amp;text=Ol%C3%A1!%20gostaria%20de%20uma%20visita,%20para%20conhecer%20a%20Plataforma%20Click%20e%20Venda.\" target=\"_blank\" rel=\"noopener\"><img loading=\"lazy\" width=\"100\" height=\"100\" src=\"https:\/\/clickevenda.com.br\/wp-content\/uploads\/2021\/07\/icons8-whatsapp-100.png\" alt=\"\" class=\"wp-image-229 size-full\"\/><\/a><\/figure><div class=\"wp-block-media-text__content\">\n<p class=\"has-medium-font-size\"><strong>(11) 96488-7143<\/strong><\/p>\n<\/div><\/div>\n<\/div>\n\n\n\n<div class=\"wp-block-column\">\n<p class=\"has-text-align-center has-medium-font-size\"><strong>Precisa de suporte!<\/strong><\/p>\n\n\n\n<div class=\"wp-block-media-text alignwide has-media-on-the-right is-stacked-on-mobile\" style=\"grid-template-columns:auto 15%\"><figure class=\"wp-block-media-text__media\"><a href=\"mailto:suporte@clickevenda.com.br\"><img loading=\"lazy\" width=\"100\" height=\"100\" src=\"https:\/\/clickevenda.com.br\/wp-content\/uploads\/2021\/07\/icons8-email-aberto-100.png\" alt=\"\" class=\"wp-image-228 size-full\"\/><\/a><\/figure><div class=\"wp-block-media-text__content\">\n<p class=\"has-text-align-right has-medium-font-size\"><strong>suporte@clickevenda.com.br<\/strong><\/p>\n<\/div><\/div>\n\n\n\n<div class=\"wp-block-media-text alignwide has-media-on-the-right is-stacked-on-mobile\" style=\"grid-template-columns:auto 15%\"><figure class=\"wp-block-media-text__media\"><a href=\"https:\/\/api.whatsapp.com\/send?phone=5511940231530&amp;text=Ol%C3%A1!%20Preciso%20de%20ajuda%20com%20a%20Plataforma%20Click%20e%20Venda.\" target=\"_blank\" rel=\"noopener\"><img loading=\"lazy\" width=\"100\" height=\"100\" src=\"https:\/\/clickevenda.com.br\/wp-content\/uploads\/2021\/07\/icons8-whatsapp-100.png\" alt=\"\" class=\"wp-image-229 size-full\"\/><\/a><\/figure><div class=\"wp-block-media-text__content\">\n<p class=\"has-text-align-right has-medium-font-size\"><strong>(11) 94023-1530<\/strong><\/p>\n<\/div><\/div>\n<\/div>\n<\/div>\n","protected":false},"excerpt":{"rendered":"<p>Simplificando o dia a dia dos comerciantes! Uma plataforma de gest\u00e3o comercial que ir\u00e1 facilitar o dia a dia do seu comercio. Com ela voc\u00ea pode controlar seus produtos, clientes, fornecedores, estoque, efetuar vendas (no estabelecimento, atendimento externo ou home office), controlar o caixa, emitir nota fiscal, fazer or\u00e7amentos, imprimir ou compartilhar recibos, or\u00e7amentos, vendas [&hellip;]<\/p>\n","protected":false},"author":1,"featured_media":0,"parent":0,"menu_order":0,"comment_status":"closed","ping_status":"closed","template":"","meta":{"om_disable_all_campaigns":false,"_monsterinsights_skip_tracking":false,"_monsterinsights_sitenote_active":false,"_monsterinsights_sitenote_note":"","_monsterinsights_sitenote_category":0},"_links":{"self":[{"href":"https:\/\/clickevenda.com.br\/index.php\/wp-json\/wp\/v2\/pages\/5"}],"collection":[{"href":"https:\/\/clickevenda.com.br\/index.php\/wp-json\/wp\/v2\/pages"}],"about":[{"href":"https:\/\/clickevenda.com.br\/index.php\/wp-json\/wp\/v2\/types\/page"}],"author":[{"embeddable":true,"href":"https:\/\/clickevenda.com.br\/index.php\/wp-json\/wp\/v2\/users\/1"}],"replies":[{"embeddable":true,"href":"https:\/\/clickevenda.com.br\/index.php\/wp-json\/wp\/v2\/comments?post=5"}],"version-history":[{"count":41,"href":"https:\/\/clickevenda.com.br\/index.php\/wp-json\/wp\/v2\/pages\/5\/revisions"}],"predecessor-version":[{"id":241,"href":"https:\/\/clickevenda.com.br\/index.php\/wp-json\/wp\/v2\/pages\/5\/revisions\/241"}],"wp:attachment":[{"href":"https:\/\/clickevenda.com.br\/index.php\/wp-json\/wp\/v2\/media?parent=5"}],"curies":[{"name":"wp","href":"https:\/\/api.w.org\/{rel}","templated":true}]}}